= -5722 - -9166. What is the hundreds digit of i?
4
Let t = -8 + 17. Suppose t*z - 3*z = 318. What is the units digit of z?
3
Suppose -3*k - 3*r = -2649, -1258 - 493 = -2*k + 3*r. What is the units digit of k?
0
Suppose 3*h - 38 = -11. Suppose -5*d + i = -0*d - h, d = 5*i - 3. Suppose 49 + 41 = d*r. What is the units digit of r?
5
Suppose 0 = 2*s - s. Suppose 3*w - 4*b - 105 = 0, -2*w - b = -s*b - 70. What is the units digit of 2/6*(w - 11)?
8
Let h(a) = a**3 + 3*a - 13 - 4*a + 0*a**3 + 14*a**2 - 15*a. Let l be h(-15). Suppose 4*d - 5*q - 130 = -2*q, 0 = -2*d + l*q + 66. What is the tens digit of d?
3
Let u(q) = 2 - 3*q - 8*q**2 + 9*q**2 + 10*q. Let y be u(-7). Suppose v = -0*v - 3*b + 7, 17 = y*v + 5*b. What is the units digit of v?
6
Suppose 0 = n + 2*m + 3*m + 12, 5*m = 5*n - 60. Suppose q + 48 = 4*q. Let w = q - n. What is the units digit of w?
8
What is the tens digit of 1 + (-24)/15 + 291493/155?
8
Let b be 0/(3*5/(-15)). Suppose 5*m - 729 - 341 = b. What is the tens digit of m?
1
Suppose 4 + 12 = -8*x. Let y be 3/6 - (-5)/x. Let i = y - -30. What is the units digit of i?
8
Suppose n = 5*v + 648, -4*n + 20*v + 2702 = 22*v. What is the tens digit of n?
7
Let z be (-394)/30 + (-8)/(-60). What is the units digit of (5 + z)*1*-2?
6
Let k = 5 + -3. Suppose 0 = 5*s + 2*o - 219, 3*s - k*o - 5 = 120. What is the units digit of s?
3
Let y(p) be the second derivative of p**5/20 + 2*p**4/3 + 2*p**3/3 + 9*p**2/2 + 109*p. Let r = 2 - 8. What is the units digit of y(r)?
7
Suppose -2*m - 356 = -3*m. Let a = m + -185. What is the units digit of a?
1
Suppose -5*z + 64 = -i, 0 = -z + 3*i - 7 + 31. Let v(q) = 4*q - 16. Let m be v(z). Let a = 53 - m. What is the tens digit of a?
2
Let a be (-1)/3 - 140/21. Let p be a - (-1 - 2 - -3). What is the units digit of 11 + p - (0 + -17)?
1
Suppose 5*a = f + 593, a + 18 - 127 = -3*f. Let q = -18 + a. Let l = q + -44. What is the units digit of l?
6
Let k be 33*1 - (2 - 2). Let p = k + -13. What is the tens digit of p?
2
What is the units digit of (16/(-14) + -2)*-259?
4
Let o(m) = m**3 + 21*m**2 - 29*m + 48. Let g be o(-21). What is the hundreds digit of (-1 + -3)/((-18)/g)?
1
Let w(k) = 2*k**3 + 55*k**2 + 29*k + 87. What is the units digit of w(-27)?
3
Let v = -595 + 1966. What is the thousands digit of v?
1
Let i = 8187 + -5829. What is the thousands digit of i?
2
Suppose 0 = -10*h + 8*h + 10. Suppose -2*u + h*u - 39 = 0. What is the units digit of u?
3
Suppose -3*j - 3*p - 39 = 0, 3*j - 2*p + 2 = -12. Suppose -90 = -2*y - 7*y. What is the units digit of 10/(-4)*j/y?
2
Let d(l) = 10*l**2 + 4*l + 25. What is the hundreds digit of d(-7)?
4
Suppose -765 = -16*m + 6259. What is the units digit of m?
9
Let k(c) = 3 + c**3 + 4*c + 0*c**2 + 8*c**2 - 4*c**2. Let i be k(-3). Suppose 4*t - 22 - 10 = i. What is the units digit of t?
8
Suppose -3*r + 15 + 3 = 0. Let c = 79 - r. What is the units digit of c?
3
Let w(a) = a**3 - 26*a + 13. What is the tens digit of w(11)?
5
Suppose -3 + 11 = 2*m. Suppose 0*l - 2*l - 12 = -4*y, -m = y - 4*l. What is the units digit of y?
4
Let o(g) = 19*g**3 + g**2 + 2*g - 3. Let s be o(1). Suppose s*l = 15*l + 500. What is the tens digit of l?
2
Let h(f) = -2*f**3 - 8*f**2 - 6*f + 24. What is the tens digit of h(-11)?
8
Let h be -10*(2 + (-10)/4). Suppose 2*t + 0*u + 47 = 3*u, h*t + 106 = -4*u. Let r = t + 41. What is the tens digit of r?
1
Suppose -4*x = -8, -17*m = -18*m - 5*x + 184. What is the units digit of m?
4
Let h(t) = 52*t**3 + 6*t**2 - 16*t + 42. What is the tens digit of h(4)?
0
Let a = 20 - -32. Suppose -150 + 132 = -6*i. Suppose -a = -i*g + 2*g. What is the units digit of g?
2
Suppose 4*q - 5*d - 21 = 0, -q + d - 3 = -8. Suppose 6*v = q*v + 26. Let o = v - 9. What is the units digit of o?
4
Suppose -152 = 4*y - 4*r, 5*r + 0*r = -3*y - 130. Let c = 77 + y. What is the tens digit of c?
3
Suppose -2*o = -7*o + 750. What is the hundreds digit of o?
1
Suppose -3*m - 902 = -5*m - 4*h, -m + h = -457. What is the units digit of m?
5
Suppose -2*q - 3*q + 10 = 0. Let n(h) = 13*h**2 + 2*h. What is the units digit of n(q)?
6
Let g(l) = -2*l**3 - 4*l**2 + 5*l - 3. Let b be g(-4). Let n = -104 + b. Let i = -24 - n. What is the units digit of i?
9
Suppose 2*z = 4*g - 2*g + 822, -5*z + 2046 = -2*g. What is the units digit of z?
8
Let z(x) = x**2 + 4*x - 68. What is the hundreds digit of z(21)?
4
Let o = -65 + 65. Suppose v = -2, o = 2*s + 4*v + 10 - 62. What is the units digit of s?
0
Let z(c) = -2*c + 9. Let q be z(-8). Suppose q*u - 36 = 22*u. What is the units digit of u?
2
Let z = 115 + -227. Let j = z + 195. What is the units digit of j?
3
Let m(v) = 6*v. Let k be m(-5). What is the units digit of 3*4/k + 302/5?
0
Let f(i) = i**3 + 32*i**2 + 3*i - 50. What is the hundreds digit of f(-19)?
5
Let f = 2392 - 1625. What is the tens digit of f?
6
Let m(a) be the second derivative of a**4/6 - 29*a**3/6 + 15*a**2/2 + 21*a. What is the units digit of m(16)?
3
Suppose -360 + 2558 = 7*a. What is the tens digit of a?
1
Suppose 0*n + 102 = -6*n. What is the units digit of n/(-3) + 30/9 + -3?
6
Let u(m) = m**3 - 3*m - 2. Let f(l) = -3*l - 12. Let i be f(-5). Let r be u(i). Suppose r = 5*p - 44. What is the units digit of p?
2
Let u(r) = 0 + 6*r + 4*r**2 + 3 + r**3 + 4*r**2 - 7. Let l be u(-6). What is the units digit of (l/40)/((-4)/(-10))?
2
What is the tens digit of 4/14 - (-1088)/112?
1
Let h(l) = -l**3 - l**2 - 16*l - 30. What is the tens digit of h(-8)?
4
Let r(s) = s**3 - 31*s**2 + 66*s + 72. What is the hundreds digit of r(29)?
3
What is the units digit of (-3)/(12/(-206))*(4 + 10)?
1
Let d(w) = 4*w**2 - 5*w + 6. Let q be d(4). Suppose -3*k + 148 = -q. What is the units digit of k?
6
Suppose 9*l - 13*l = -12. Suppose l*g = 3*t - 70 - 80, t = -3*g + 58. Let n = 97 - t. What is the tens digit of n?
4
Let a(p) = p**3 + 18*p**2 - 2*p - 22. Suppose -o + 6*o + 90 = 0. What is the tens digit of a(o)?
1
Let y be -1*(-2)/((-8)/12). Let b = 3 + y. Suppose d - 1 - 43 = b. What is the tens digit of d?
4
Suppose 4*q - 4 = 4, 176 = -3*x + 4*q. Let o = 68 - x. What is the hundreds digit of o?
1
Let d(v) be the third derivative of v**4/8 + v**3/3 + 3*v**2. Let h = 94 + -91. What is the tens digit of d(h)?
1
Let r be 1/7 - (-2)/(-14). Let d = r - -3. Suppose -2*o + d = -13. What is the units digit of o?
8
Suppose 14 = 3*g - 10. Let u be 34/g + (-8)/32. What is the tens digit of (-163)/(-4) - (-1)/u?
4
Let s = 18 - 26. Let n(z) = -z - 13. Let m be n(s). What is the units digit of ((-1)/2)/(m/230)?
3
Suppose -2256 = 7*x - 10*x. What is the units digit of x?
2
Let w(c) = 48*c - 184. What is the tens digit of w(23)?
2
Let n(l) be the first derivative of 7*l**3 + 8*l + 38. What is the hundreds digit of n(3)?
1
Let k = 37 + -47. What is the hundreds digit of (-10)/(-15)*(-2355)/k?
1
Let h be (14/7)/((-8)/(-16)). Let u = 0 + 0. Suppose 15 = k + h*i, 55 = -u*k + 3*k + 2*i. What is the tens digit of k?
1
Suppose 4*f + 4 = 2*h, -h - 5*f = -4*f - 14. Suppose h*r = 7*r + 186. What is the tens digit of r?
6
What is the tens digit of 879 - (-3 - -11 - 3)?
7
Let g(x) = 7*x - 2. Let c be g(1). Suppose q - 824 = c*q. What is the units digit of (-3)/9 + q/(-6)?
4
What is the tens digit of 1/(-10)*-18*(365 - 0)?
5
Let o(h) = -h + 1. Let d be o(2). Let y be (4/d - -53) + -1. Suppose 0 = -5*k + 5*q + 120, -5*q - y = -k - k. What is the tens digit of k?
2
Let f(c) = 2*c - 7. Let u be f(6). Suppose 5*z - 553 - 192 = -u*b, 5*b + z = 753. What is the units digit of b?
1
What is the units digit of (-98823)/(-24) + 11 + 3/8?
9
Let f = 948 - -575. What is the units digit of f?
3
Suppose 0 = -y - 3*y - 12, -4*y - 392 = -5*p. What is the units digit of p?
6
Let r(p) = -p**3 - 34*p**2 + 30*p + 23. What is the hundreds digit of r(-36)?
5
Let d be 11/77 - 3/21*-34. What is the tens digit of -4 - (1946/(-10) - (-3)/d)?
9
Let w be (-2)/28*-8*7. Suppose 10*s + 229 = a + 13*s, a - 230 = -w*s. What is the tens digit of a?
2
Let y(q) = 9*q**3 - 11*q**2 - 104*q + 667. What is the thousands digit of y(6)?
1
Suppose 5*z - 312 - 83 = 0. What is the tens digit of z?
7
Let g(a) = -27*a + 811. What is the tens digit of g(0)?
1
Suppose 22406 = 32*q - 15*q. What is the hundreds digit of q?
3
Let c be 34/255*(-70)/(-6)*9. Let y(s) = 33*s**3 + 2*s**2 - 2*s +